0, 0 = -3*i - 3. Calculate the remainder when k is divided by ((-9)/4)/((-1)/4).
8
Suppose 0 = u + u, 4*u = -4*g + 28. Let d(q) = q**3 - 5*q**2 - 8*q - 4. Calculate the remainder when d(g) is divided by 13.
12
Let p = 136 - 37. What is the remainder when p is divided by 20?
19
Calculate the remainder when 2 is divided by 32/(-24)*3/(-4).
0
Suppose 60 + 18 = 6*s. Calculate the remainder when 35 is divided by s.
9
Let x(f) = -f**2 + f + 2. Let i be x(4). Let q = -6 - i. Suppose 58 = -q*m + 218. What is the remainder when m is divided by 21?
19
Suppose o - 4*o - 27 = 0. Let w = o + 9. Suppose w = -5*i + 88 + 102. Calculate the remainder when i is divided by 20.
18
Suppose 0 = -3*v + 2*r + 53, -3*v = 2*v - r - 93. Calculate the remainder when 55 is divided by v.
17
Suppose 136 = 5*f + 4*p, -p = -0*f - f + 29. Calculate the remainder when 54 is divided by f.
26
Let j = 13 - -31. What is the remainder when j is divided by 24?
20
Suppose -1 = -2*f + 3*f. Let l be f*1*-6 - -1. Suppose o - l - 1 = 3*i, -4*o + 3*i + 32 = 0. What is the remainder when o is divided by 3?
2
Suppose 0*m = 3*m - 96. Suppose 0 = -4*b - 0*b + m. Calculate the remainder when b is divided by 3.
2
Let t = 13 - 10. Let f(d) = d**3 - d**2 - 3. Calculate the remainder when f(t) is divided by 6.
3
Suppose 0*h + 7 = -h. Suppose -1 = t + 1, 2*t + 4 = -2*n. Let q = n - h. Calculate the remainder when 19 is divided by q.
5
Suppose 4*m + 0*m = 3*x + 47, 5*x - 4*m = -73. Let b = x - -18. What is the remainder when 23 is divided by b?
3
Let j(z) = -z + 6. Calculate the remainder when j(-9) is divided by 10.
5
Let s(o) = o**3 - 6*o**2 - 6*o + 10. Suppose r + 5*p - 449 = -r, 3*p = -5*r + 1113. Let t = r + -157. What is the remainder when t is divided by s(7)?
14
What is the remainder when (-5)/(15/6) - -40 is divided by 13?
12
Let m(l) = l**2 + 19*l + 5. Calculate the remainder when m(-22) is divided by 37.
34
Let h = 3 - 21. Calculate the remainder when 34 is divided by h*2*3/(-12).
7
Suppose v - 3 - 9 = 0. What is the remainder when 23 is divided by v?
11
Let p(q) = -q**3 + q**2 + 2*q - 3. Let y be p(2). Let u(r) = r**2 - r + 6. Calculate the remainder when u(0) is divided by (-16)/(-6)*y/(-2).
2
Let d = -1 + 6. Calculate the remainder when (-20)/(-4) - 2 - -5 is divided by d.
3
Let m(w) = 15*w. Let q be m(-1). Let y be 21/2*(-40)/q. Suppose y = 5*u - u. What is the remainder when 13 is divided by u?
6
Let i be (-68)/(-18) + 2/9. Suppose 290 = o + i*o. What is the remainder when o is divided by 15?
13
Let y be (10/(-3))/(2/(-30)). Suppose 4*w - y = -w. What is the remainder when 29 is divided by w?
9
Calculate the remainder when 8/(-14) - 3180/(-28) is divided by 29.
26
Let n(k) = -k**3 - 30*k**2 + 66*k + 71. What is the remainder when 96 is divided by n(-32)?
5
Suppose -f - f + 32 = -2*a, -5*f + 4*a + 85 = 0. Let c(x) = x + 1. Let m be c(-10). Calculate the remainder when f is divided by -3 + 2 - (m - 4).
9
Let y = 30 + -16. Suppose 3*l - 87 = -3*x + 7*l, x - l = 30. Suppose w - 4*j = x, -2*w - 3*j = -34 - 54. What is the remainder when w is divided by y?
13
Let o(p) = 51*p - 1. Suppose 3 = 3*w - 0*w. Calculate the remainder when o(w) is divided by 13.
11
Suppose -4*d + 6*d - 10 = 0. Suppose -5*r + 72 = d*s + 7, 36 = 3*s + 2*r. Calculate the remainder when (14/35)/((-2)/(-145)) is divided by s.
9
Let j = 97 + -82. Let h = 21 - -35. Calculate the remainder when h is divided by j.
11
Let k = -19 - -33. Calculate the remainder when 41 is divided by k.
13
Suppose 3*s + s = 76. Suppose -i = 5*o - 15, -4*o - 5*i + 33 = -0*o. Suppose 5*p = o*p + 21. What is the remainder when s is divided by p?
5
Let t = 119 - 94. Calculate the remainder when 41 is divided by t.
16
Let n = 16 - 7. Let v = -1 - -21. Calculate the remainder when v is divided by n - 4*(-2)/(-4).
6
Let y be (28/(-6))/(10/15). Let m(k) = k**2 + 6*k + 2. What is the remainder when 15 is divided by m(y)?
6
Suppose 0 = -2*p - 7 + 59. Suppose 49 = -4*b + 5*b. What is the remainder when b is divided by p?
23
Calculate the remainder when ((-88)/3)/(2/(-3)) is divided by 9.
8
Suppose 0 = t - 2*s - 2*s - 37, -3*t + 97 = -5*s. Calculate the remainder when t is divided by 15.
14
Suppose 133 = -7*p + 735. What is the remainder when p is divided by 15?
11
Let j be 27/(-2) + 5/10. Let h = -6 - j. Calculate the remainder when 13 is divided by h.
6
Let w(l) be the first derivative of 0*l - 3 + 1/2*l**2. What is the remainder when 20 is divided by w(7)?
6
Suppose 15 = 5*h - 0*h. Suppose 78 - 15 = h*k. Suppose -4*t + 36 = 3*o - 17, 5 = t - 2*o. Calculate the remainder when k is divided by t.
10
Let c be (-2)/(-2) - 1 - -2. Suppose 4*r + 0*r - 100 = -4*i, -5*i + 131 = c*r. Calculate the remainder when i is divided by 161/(-115)*(2 - 12).
13
Let k(d) = -d**3 - 2*d**2 - 3*d - 3. Let b = 23 - 15. What is the remainder when k(-3) is divided by b?
7
Let k(q) = 4*q**2 - 2*q + 1. Suppose 0 = 3*w + 5*a - 32, 0*w + 2*w = -2*a + 16. Calculate the remainder when w is divided by k(1).
1
Let j = 0 - -9. Suppose s - 5*s = -20. Calculate the remainder when j is divided by s.
4
Suppose -2*m - j = -36, -m = 3*j - 0*j - 13. Calculate the remainder when m is divided by 12.
7
Suppose 0*w + 5*s + 64 = w, -5*w - 3*s + 320 = 0. Calculate the remainder when w is divided by 13.
12
Suppose -2*a + 3 = -1, 5*c - 76 = 2*a. Calculate the remainder when 31 is divided by c.
15
Let r = 33 + 2. Suppose 4*i - d = 5*i - 17, -2*i + d + 37 = 0. What is the remainder when r is divided by i?
17
Suppose t + 6*r - 2*r - 7 = 0, 4*t + 3*r - 15 = 0. What is the remainder when 11 is divided by t?
2
Suppose 3*i = 5*b - 100, -13 + 1 = -b - i. What is the remainder when ((-2)/(-2) - 1) + 48 is divided by b?
14
Suppose 0 = -b + 3*b - 4*n - 28, b + n = 8. What is the remainder when b is divided by 8 + -1 + (-2 - 1)?
2
Let j = -16 + 28. Suppose 0 = -2*q - 5*d + 24, 2*q + d - 2*d - 12 = 0. What is the remainder when (-1 - 10/(-4))*j is divided by q?
4
Let f be ((-1)/2)/(7/(-322)). Suppose 0 = -q - 80 + f. Let x = -35 - q. Calculate the remainder when x is divided by 8.
6
Let z(y) be the third derivative of -3*y**2 + 0*y - 1/120*y**6 + 1/60*y**5 + 0*y**4 + 0 + 7/3*y**3. Calculate the remainder when 27 is divided by z(0).
13
Suppose 2*j = x - 31, 52 = x + 5*j - 0*j. Calculate the remainder when x is divided by 10.
7
Suppose 39 = 3*g + 6. What is the remainder when 98 is divided by g?
10
Let x = 131 - 82. Calculate the remainder when x is divided by 17.
15
Let v(p) = 18 - 6 + 0*p - p + 4. Let w(d) = d**2 - 6*d + 3. What is the remainder when v(11) is divided by w(6)?
2
Let u(m) = -m**3 + 8*m**2 - 8*m + 3. Let d be u(5). Let w = 90 - d. Calculate the remainder when w is divided by 18.
16
Let i(p) = -14*p - 1. Let h be i(3). Let z = 60 + h. Calculate the remainder when z is divided by 6.
5
Let u(q) = -q**2 + 6*q. What is the remainder when 21 is divided by u(3)?
3
Suppose -5*u = y + 30, 3*y + 31 = -5*u - 19. Calculate the remainder when ((-50)/(-20))/(1/14) is divided by (-1)/(-1) - (y + -1).
11
Suppose -c + 13 = -1. What is the remainder when c is divided by 4?
2
Suppose 7*a - 117 = -12. What is the remainder when 29 is divided by a?
14
Let v(p) = 2*p**2 + 4*p + 8. Calculate the remainder when v(-4) is divided by (-53)/(-4) - 1/4.
11
Suppose -4*b + 70 = -3*u, -5*u + 67 = -2*b + 5*b. Let g = -462 - -682. Suppose 2*c - g = -2*c. Calculate the remainder when c is divided by b.
17
Let n(z) = -z**3 - z**2 + 1. Let l be n(-3). Suppose -3*r + 5*g = -1, 4*r = -2*g + 3 - l. Let f = 19 + r. Calculate the remainder when 31 is divided by f.
15
Let y(w) = 2*w - 1. Let s = -16 - -27. Let x = 24 - s. Calculate the remainder when x is divided by y(4).
6
Suppose 4*d - 3*w = -0 + 37, -w - 34 = -3*d. Suppose d = 3*h + 1, 5 = m - 2*h. What is the remainder when m is divided by 5?
3
What is the remainder when (-6)/8*-4 + 124 is divided by 64?
63
Let g = -3 + 5. Suppose -g*y = 5*k - 130, -5*k - 5*y = -107 - 8. What is the remainder when k is divided by (-208)/(-20) - 4/10?
8
Suppose 2*l + 5*z = 27, 2*z = 4*l - 3*z - 9. Suppose 0 = 3*a - 3 - l. What is the remainder when a is divided by 1?
0
What is the remainder when 34 is divided by ((-21)/9)/(1/(-6))?
6
Suppose 74 + 94 = 5*k - n, 3*k = -5*n + 112. Let q = 49 - k. What is t